pose -5*f + 4*i + 278 = 0, -6*f + 4*f - 5*i = -98. What is the tens digit of f?
5
Let n(m) = 7*m - 6. Let q be n(12). Suppose -5*u + 97 + q = 0. What is the units digit of u?
5
Let m = 10 + 1. What is the units digit of m?
1
Suppose 3 + 3 = 2*z. What is the units digit of z?
3
Let b(p) = 11*p**2 - 6*p + 4. Let o = 10 - 4. Let g be b(o). What is the tens digit of (-12)/54 - g/(-18)?
2
Let x(n) = -n**2 + 13*n + 21. Let d be x(10). Let c = -25 + d. What is the units digit of c?
6
Suppose 7*x = 3*x + 76. What is the tens digit of x?
1
Suppose -546 = 5*o - 11*o. What is the tens digit of o?
9
Let v(p) = 8*p + 2. Let l(q) = 7*q + 1. Let r(w) = 5*l(w) - 4*v(w). Let b be 3/(-6) + (-7)/(-2). What is the units digit of r(b)?
6
Let g = 52 + -20. What is the units digit of g?
2
Let u = -431 - -668. What is the tens digit of u?
3
What is the tens digit of 50 + 0 + 4/4 + 2?
5
Suppose 0 = i + 2*i - 9. Suppose -4*k + 90 = 5*l, 3*l - i*k - 31 = 23. What is the units digit of l?
8
Let m(t) = -t**2 - t + 11. Suppose 0 = -2*c - 2*c + 8. Suppose -c*a = 3*x + 2*a - 20, -4*x + 2*a - 10 = 0. What is the units digit of m(x)?
1
What is the tens digit of (18/36)/((-1)/(-58))?
2
Let d(x) = x**2 + 7*x + 5. Let b(o) = -o**2 + 3*o - 3. Let p be ((-8)/6)/((-2)/6). Let c be b(p). What is the units digit of d(c)?
5
Let z(r) be the third derivative of r**6/60 - r**5/20 - r**4/12 - r**3/6 + 2*r**2. Let k(l) = l**2 - 6*l - 4. Let u be k(7). What is the tens digit of z(u)?
2
Let w = -7 + 16. What is the units digit of w?
9
Let m(s) = 36*s**3 - 5*s**2 + 5*s. What is the hundreds digit of m(2)?
2
Let i(o) = 4*o + 1. What is the units digit of i(7)?
9
Let x(l) = 0 + 3*l + 0 + l**2 + 3. Let f be x(-4). Let p = 1 + f. What is the units digit of p?
8
Let d = 4 + -4. Let f = 7 + d. What is the units digit of f?
7
Let s be 0 - 1 - 44/(-1). Suppose 0 = -5*y - 3*p + s, 0*y = -4*y + 4*p + 60. Suppose -y = -5*v + 44. What is the tens digit of v?
1
Let a(l) = l**2 + 7*l - 17. What is the units digit of a(5)?
3
What is the tens digit of (-8)/10 - -1 - 818/(-10)?
8
Suppose -2*v - 3*m = -2, 4*v - 8 = -0*v - 4*m. Let d = v - 3. What is the units digit of d + -1 + 3 + 0?
3
Suppose 5*n = 5*v - 65, 0 = v + 2*v. Let o(f) = 7*f - 1. Let m be o(3). Let s = m + n. What is the units digit of s?
7
Suppose -5 = -2*k + 3. Suppose q - k = -0*q. Suppose w + 1 = 0, q*l - 4*w = 3*l + 13. What is the units digit of l?
9
Let l be (2/3)/(4/(-12)). What is the units digit of l + 4 - (1 + 0)?
1
Suppose -38 = x + 52. What is the tens digit of 4/(-10) + (-2196)/x?
2
Let m(x) = 2*x - 4. Let f be m(3). Suppose 1 = f*y - 1. What is the units digit of y?
1
Let r = -5 + 9. Suppose 5*m = 4*o + 6 + 4, 0 = -r*m - 2*o + 8. What is the units digit of m?
2
Suppose -2*w + 172 = -w. What is the tens digit of w?
7
Let f(w) = -13*w + 5. Let d(g) = 3*g - 1. Let z(p) = -9*d(p) - 2*f(p). What is the units digit of z(-3)?
2
Let o be 4/8 + (-79)/(-2). Suppose -4*z + 56 = -o. What is the tens digit of z?
2
Suppose s - 5*s - 28 = 0. Suppose -60 = -5*b - 5. Let a = b + s. What is the units digit of a?
4
Suppose -5*f - 5*y = -55, -2*y + 0 + 43 = 5*f. What is the units digit of f?
7
Suppose -4*n + 150 = -3*m + 59, -n = 5*m - 17. What is the tens digit of n?
2
Suppose -2*z = -2*s + 3 + 13, -4*s + 3*z = -29. Suppose 0 = -s*p + b + 43, -p - 7 = -4*b - 27. What is the units digit of p?
8
Let b(s) = -38*s**3 - 3*s**2 - 3*s - 1. What is the units digit of b(-1)?
7
Suppose -4*q - 1 = 3. What is the units digit of q/((-16)/(-6) - 3)?
3
What is the tens digit of (2/3)/(1/39)?
2
Let s(v) = -v**3 - 5*v**2 - 5*v + 1. What is the tens digit of s(-7)?
3
Let g be (3/(-2))/((-21)/28). Suppose 0 = -g*x - 0 + 6. Suppose -x*o = -19 - 20. What is the tens digit of o?
1
Suppose -m + 1 = 4. Let o = m + 5. What is the units digit of o?
2
Suppose 3*h + 20 + 4 = 0. Let s be (0 - -1)/((-4)/h). Suppose 5*v - 24 = 4*p, 8 = s*p - 0*p. What is the units digit of v?
8
Let t(i) = -30*i - 75. What is the tens digit of t(-6)?
0
Suppose 3*f = 12, 3*f - 26 = 3*x - 233. What is the units digit of x?
3
Let y be (-24)/9*(-3)/(-2). Let b = y + 4. Suppose 4*n + b + 6 = w, 2*w = -n + 30. What is the units digit of w?
4
Let a(f) be the second derivative of f**5/20 + f**4 + 5*f**2/2 - 4*f. What is the units digit of a(-12)?
5
Let s(j) be the first derivative of 2*j**3/3 - 3*j**2/2 - 3*j - 4. What is the units digit of s(4)?
7
Let j = 440 + -299. What is the units digit of j?
1
Suppose 2*q + 2*j - 6 = j, -5*j - 10 = 2*q. Suppose 3*o = 2*i - 69, q*i - 3*o - 143 = 25. What is the tens digit of i?
3
Let c = 0 - -3. Suppose 1 = -c*d + 2*d + a, -32 = -4*d - 5*a. Suppose 0 = d*l - 0*l - 12. What is the units digit of l?
4
Let d(h) = -h**2 - 9*h. Let i be d(-8). Suppose -3*w - 5*c + c + 4 = 0, -3*w - 3 = -3*c. Suppose -l - 3*l + i = w. What is the units digit of l?
2
Suppose -d = 2*h - 128 - 2, -3*d + 430 = -2*h. Suppose 2*i = 6*i - d. What is the units digit of i?
5
Let q(m) be the first derivative of -4*m**2 + 3 - 1/3*m**3 + 5*m. What is the units digit of q(-8)?
5
Let l(m) = -m**2 + 14*m - 5. What is the tens digit of l(9)?
4
Suppose 0 = -y - c + 5, c - 2 = -y + 3*y. Let h be (-14)/(-5)*(y + 14). Suppose -4*o - 18 = -h. What is the units digit of o?
6
Let l = -6 - -16. Let x(r) = r**3 - 10*r**2 + r - 4. What is the units digit of x(l)?
6
Let o = 8 - 3. Let z = o - 7. Let b = z - -14. What is the tens digit of b?
1
Let o = 5 - 5. Let a be 22 + 2 + 0 - o. What is the tens digit of a/6*(-22)/(-8)?
1
What is the tens digit of (-1 + (-57)/3)*29/(-4)?
4
Let d(r) = 2*r + 2*r + 12 - 3*r. What is the units digit of d(-9)?
3
Let t = -5 + 5. Let v be 22 - -4 - (2 - t). Suppose 2*h = -2*h + v. What is the units digit of h?
6
Suppose 2*y + 343 - 1051 = 0. What is the units digit of y/14 + (-10)/35?
5
Let j be 0/(-2) + (6 - 7). What is the units digit of j/((-3)/6) + 11?
3
Let d(f) be the second derivative of f**4/12 - 2*f**3/3 - f**2/2 - 4*f. What is the tens digit of d(6)?
1
Let c(y) = y**2 - 6*y - 5. Let r be c(4). Let i = r - -20. What is the units digit of i?
7
Let x(k) = k - 5. Let f be x(5). Suppose -4*n - n = f. What is the units digit of n + (-4)/(4/(-3))?
3
Suppose 3*j - 4 = 2*z + 44, 4*j - 47 = -3*z. What is the tens digit of j?
1
Let p = 100 - 56. What is the units digit of 1/(2/p) - 3?
9
Suppose n + 5 - 11 = 0. Let b = n + 10. What is the units digit of b?
6
Let v(b) = -4*b**2 - 2*b + 1. Let k(o) = -o**2 + 1. Let z(n) = -5*k(n) + v(n). Suppose -2*y + 18 = 2*l, -l + 40 = 5*y + 3*l. What is the units digit of z(y)?
4
Suppose -4*r + 327 = 27. What is the tens digit of r?
7
What is the units digit of 42 + 3*5/(-15)?
1
Suppose -4*a = -k - 10, -5*k + 0*a = -5*a + 5. Suppose -5 = -s - 2*c, -k*c + 50 = 2*s + 2*s. What is the tens digit of s?
1
What is the tens digit of (-1 - 19)*(-21)/14?
3
Let w(i) = i - 2. What is the units digit of w(9)?
7
Suppose 6 = -3*b - 0*b. Let s(p) = -18*p - 1. What is the tens digit of s(b)?
3
Suppose 0 = 2*l + 1 + 13. Let k(n) = -n - 5. What is the units digit of k(l)?
2
Suppose i + 10 = 59. Suppose n = f + i, n - 4*f - 40 = -6*f. What is the tens digit of n?
4
Let r = -27 - -23. Let u = 17 + r. What is the units digit of u?
3
Let m = -7 + 17. Suppose -m*n + 9 = -7*n. What is the units digit of n?
3
Let s(h) = -8*h - 7. Let d be s(-7). Let o = d + -29. What is the tens digit of o?
2
Let b(g) = -6 - 2*g + 3*g - 5*g. Let f be b(-4). Suppose -5*o + f + 5 = 0. What is the units digit of o?
3
Let v be (0/(-2))/(2 - 0). Suppose v = 3*d + 3 + 9. What is the units digit of d*-2*3/6?
4
Let m be 33/1 - 0/2. Suppose -m = -4*h + 4*w + 35, h - 4*w - 23 = 0. Suppose -h = -n + 2. What is the tens digit of n?
1
Let v(h) = -19 + 11 + 2*h + 11. Suppose 0 = -3*m + 12 + 3. What is the units digit of v(m)?
3
Let f(m) be the second derivative of -m**3/3 + m**2/2 + 4*m. What is the units digit of f(-3)?
7
Suppose -6*s + s = 0. Suppose g - 7 = -s*g. What is the units digit of g?
7
Let o = -39 + 79. What is the units digit of o?
0
Let d = -16 + 38. What is the tens digit of d?
2
Let r(x) = x**3 - 12*x**2 + 14*x - 13. Let f = 30 - 19. What is the tens digit of r(f)?
2
What is the units digit of -1 + 4 - (-6)/2?
6
Let j = -12 - -23. Suppose -w + 32 = j. What is the units digit of w?
1
Let t be